{"id":498,"date":"2026-03-23T17:04:33","date_gmt":"2026-03-23T17:04:33","guid":{"rendered":"https:\/\/nagie.azdigi.shop\/?post_type=product&#038;p=498"},"modified":"2026-04-09T11:05:00","modified_gmt":"2026-04-09T11:05:00","slug":"vay-cong-chua","status":"publish","type":"product","link":"https:\/\/nagie.azdigi.shop\/index.php\/san-pham\/vay-cong-chua\/","title":{"rendered":"V\u00e1y L\u1ee5a Satin Cao C\u1ea5p \u2013 Sang Tr\u1ecdng &#038; Quy\u1ebfn R\u0169"},"content":{"rendered":"<h3 data-section-id=\"1xnb3sx\" data-start=\"163\" data-end=\"216\"><strong><span style=\"font-size: 100%; color: #000000;\" role=\"text\">V\u00e1y L\u1ee5a Satin Cao C\u1ea5p \u2013 Sang Tr\u1ecdng &amp; Quy\u1ebfn R\u0169<\/span><\/strong><\/h3>\n<h4 data-start=\"218\" data-end=\"248\"><strong><span style=\"font-size: 100%; color: #000000;\" role=\"text\">1. Thi\u1ebft k\u1ebf n\u1ed5i b\u1eadt<\/span><\/strong><\/h4>\n<h4 data-start=\"249\" data-end=\"402\"><span style=\"font-size: 100%; color: #000000;\">M\u1eabu v\u00e1y l\u1ee5a satin cao c\u1ea5p mang phong c\u00e1ch t\u1ed1i gi\u1ea3n nh\u01b0ng v\u1eabn to\u00e1t l\u00ean v\u1ebb \u0111\u1eb9p tinh t\u1ebf, ph\u00f9 h\u1ee3p cho nh\u1eefng bu\u1ed5i ti\u1ec7c t\u1ed1i, h\u1eb9n h\u00f2 hay s\u1ef1 ki\u1ec7n quan tr\u1ecdng.<\/span><\/h4>\n<h4 data-start=\"404\" data-end=\"535\"><span style=\"font-size: 100%; color: #000000;\">Thi\u1ebft k\u1ebf c\u1ed5 \u0111\u1ed5 (cowl neck) ho\u1eb7c c\u1ed5 tim gi\u00fap t\u00f4n l\u00ean b\u1edd vai thanh m\u1ea3nh v\u00e0 x\u01b0\u01a1ng quai xanh, t\u1ea1o c\u1ea3m gi\u00e1c quy\u1ebfn r\u0169 m\u1ed9t c\u00e1ch nh\u1eb9 nh\u00e0ng.<\/span><\/h4>\n<h4 data-start=\"537\" data-end=\"648\"><span style=\"font-size: 100%; color: #000000;\">Form v\u00e1y \u00f4m v\u1eeba ph\u1ea3i, kh\u00f4ng qu\u00e1 b\u00f3 nh\u01b0ng v\u1eabn \u0111\u1ee7 \u0111\u1ec3 t\u00f4n l\u00ean \u0111\u01b0\u1eddng cong c\u01a1 th\u1ec3, mang l\u1ea1i s\u1ef1 t\u1ef1 tin khi di chuy\u1ec3n.<\/span><\/h4>\n<h4 data-start=\"650\" data-end=\"748\"><span style=\"font-size: 100%; color: #000000;\">\u0110\u1eb7c bi\u1ec7t, ch\u1ea5t v\u1ea3i r\u1ee7 t\u1ef1 nhi\u00ean gi\u00fap t\u1eebng b\u01b0\u1edbc \u0111i tr\u1edf n\u00ean m\u1ec1m m\u1ea1i, uy\u1ec3n chuy\u1ec3n v\u00e0 thu h\u00fat \u00e1nh nh\u00ecn.<\/span><\/h4>\n<h4 data-start=\"755\" data-end=\"786\"><strong><span style=\"font-size: 100%; color: #000000;\" role=\"text\">2. Ch\u1ea5t li\u1ec7u cao c\u1ea5p<\/span><\/strong><\/h4>\n<h4 data-start=\"787\" data-end=\"898\"><span style=\"font-size: 100%; color: #000000;\">S\u1ea3n ph\u1ea9m s\u1eed d\u1ee5ng l\u1ee5a satin v\u1edbi b\u1ec1 m\u1eb7t m\u1ecbn, c\u00f3 \u0111\u1ed9 b\u00f3ng nh\u1eb9 t\u1ef1 nhi\u00ean, t\u1ea1o hi\u1ec7u \u1ee9ng b\u1eaft s\u00e1ng tinh t\u1ebf d\u01b0\u1edbi \u00e1nh \u0111\u00e8n.<\/span><\/h4>\n<h4 data-start=\"900\" data-end=\"984\"><span style=\"font-size: 100%; color: #000000;\">Ch\u1ea5t v\u1ea3i tho\u00e1ng m\u00e1t, m\u1ec1m m\u1ea1i, mang l\u1ea1i c\u1ea3m gi\u00e1c d\u1ec5 ch\u1ecbu khi m\u1eb7c trong th\u1eddi gian d\u00e0i.<\/span><\/h4>\n<h4 data-start=\"986\" data-end=\"1099\"><span style=\"font-size: 100%; color: #000000;\">Ngo\u00e0i ra, ch\u1ea5t li\u1ec7u n\u00e0y c\u00f2n h\u1ea1n ch\u1ebf nh\u0103n v\u00e0 kh\u00f4ng g\u00e2y d\u00ednh v\u00e0o c\u01a1 th\u1ec3, gi\u00fap n\u00e0ng lu\u00f4n gi\u1eef \u0111\u01b0\u1ee3c v\u1ebb ngo\u00e0i ch\u1ec9n chu.<\/span><\/h4>\n<h4 data-start=\"1106\" data-end=\"1135\"><strong><span style=\"font-size: 100%; color: #000000;\" role=\"text\">3. \u01afu \u0111i\u1ec3m n\u1ed5i b\u1eadt<\/span><\/strong><\/h4>\n<ul data-start=\"1136\" data-end=\"1282\">\n<li data-section-id=\"ztk98r\" data-start=\"1136\" data-end=\"1174\">\n<h4><span style=\"font-size: 100%; color: #000000;\">Thi\u1ebft k\u1ebf t\u1ed1i gi\u1ea3n nh\u01b0ng sang tr\u1ecdng<\/span><\/h4>\n<\/li>\n<li data-section-id=\"11k6a6g\" data-start=\"1175\" data-end=\"1211\">\n<h4><span style=\"font-size: 100%; color: #000000;\">T\u00f4n d\u00e1ng, t\u1ea1o \u0111\u01b0\u1eddng cong m\u1ec1m m\u1ea1i<\/span><\/h4>\n<\/li>\n<li data-section-id=\"awmkmr\" data-start=\"1212\" data-end=\"1244\">\n<h4><span style=\"font-size: 100%; color: #000000;\">Ch\u1ea5t li\u1ec7u nh\u1eb9, m\u1eb7c tho\u1ea3i m\u00e1i<\/span><\/h4>\n<\/li>\n<li data-section-id=\"1jaanrf\" data-start=\"1245\" data-end=\"1282\">\n<h4><span style=\"font-size: 100%; color: #000000;\">Ph\u00f9 h\u1ee3p ti\u1ec7c t\u1ed1i, h\u1eb9n h\u00f2, s\u1ef1 ki\u1ec7n<\/span><\/h4>\n<\/li>\n<\/ul>\n<h4 data-start=\"1289\" data-end=\"1316\"><strong><span style=\"font-size: 100%; color: #000000;\" role=\"text\">4. G\u1ee3i \u00fd ph\u1ed1i \u0111\u1ed3<\/span><\/strong><\/h4>\n<ul data-start=\"1317\" data-end=\"1505\">\n<li data-section-id=\"14rfy0e\" data-start=\"1317\" data-end=\"1381\">\n<h4><span style=\"font-size: 100%; color: #000000;\">K\u1ebft h\u1ee3p c\u00f9ng gi\u00e0y cao g\u00f3t \u0111\u1ec3 t\u0103ng chi\u1ec1u cao v\u00e0 s\u1ef1 thanh l\u1ecbch<\/span><\/h4>\n<\/li>\n<li data-section-id=\"17pu3f7\" data-start=\"1382\" data-end=\"1433\">\n<h4><span style=\"font-size: 100%; color: #000000;\">Ph\u1ed1i v\u1edbi t\u00fai clutch nh\u1ecf \u0111\u1ec3 gi\u1eef t\u1ed5ng th\u1ec3 tinh t\u1ebf<\/span><\/h4>\n<\/li>\n<li data-section-id=\"6d1kfu\" data-start=\"1434\" data-end=\"1505\">\n<h4><span style=\"font-size: 100%; color: #000000;\">Th\u00eam ph\u1ee5 ki\u1ec7n nh\u01b0 khuy\u00ean tai d\u00e0i ho\u1eb7c v\u00f2ng c\u1ed5 m\u1ea3nh \u0111\u1ec3 t\u1ea1o \u0111i\u1ec3m nh\u1ea5n<\/span><\/h4>\n<\/li>\n<\/ul>\n<h4 data-start=\"1512\" data-end=\"1539\"><strong><span style=\"font-size: 100%; color: #000000;\" role=\"text\">5. Size s\u1ea3n ph\u1ea9m<\/span><\/strong><\/h4>\n<ul data-start=\"1540\" data-end=\"1659\">\n<li data-section-id=\"a2wx8b\" data-start=\"1540\" data-end=\"1579\">\n<h4><span style=\"font-size: 100%; color: #000000;\">Size S: V1 80 \u2013 84cm | V2 62 \u2013 66cm<\/span><\/h4>\n<\/li>\n<li data-section-id=\"53znd9\" data-start=\"1580\" data-end=\"1619\">\n<h4><span style=\"font-size: 100%; color: #000000;\">Size M: V1 85 \u2013 89cm | V2 67 \u2013 72cm<\/span><\/h4>\n<\/li>\n<li data-section-id=\"w8fgui\" data-start=\"1620\" data-end=\"1659\">\n<h4><span style=\"font-size: 100%; color: #000000;\">Size L: V1 90 \u2013 95cm | V2 73 \u2013 78cm<\/span><\/h4>\n<\/li>\n<\/ul>\n","protected":false},"excerpt":{"rendered":"<p>V\u00e1y L\u1ee5a Satin Cao C\u1ea5p \u2013 Sang Tr\u1ecdng &amp; Quy\u1ebfn R\u0169 1. Thi\u1ebft k\u1ebf n\u1ed5i b\u1eadt M\u1eabu v\u00e1y l\u1ee5a satin cao c\u1ea5p mang phong c\u00e1ch t\u1ed1i gi\u1ea3n nh\u01b0ng v\u1eabn to\u00e1t l\u00ean v\u1ebb \u0111\u1eb9p tinh t\u1ebf, ph\u00f9 h\u1ee3p cho nh\u1eefng bu\u1ed5i ti\u1ec7c t\u1ed1i, h\u1eb9n h\u00f2 hay s\u1ef1 ki\u1ec7n quan tr\u1ecdng. Thi\u1ebft k\u1ebf c\u1ed5 \u0111\u1ed5 (cowl neck) [&#8230;]\n","protected":false},"featured_media":496,"comment_status":"open","ping_status":"closed","template":"","meta":[],"product_brand":[27],"product_cat":[37],"product_tag":[],"class_list":{"0":"post-498","1":"product","2":"type-product","3":"status-publish","4":"has-post-thumbnail","6":"product_brand-nagie","7":"product_cat-vay","9":"first","10":"instock","11":"sale","12":"shipping-taxable","13":"purchasable","14":"product-type-variable"},"yoast_head":"<!-- This site is optimized with the Yoast SEO plugin v27.1.1 - https:\/\/yoast.com\/product\/yoast-seo-wordpress\/ -->\n<title>V\u00e1y L\u1ee5a Satin Cao C\u1ea5p \u2013 Sang Tr\u1ecdng &amp; Quy\u1ebfn R\u0169 - NGANA<\/title>\n<meta name=\"description\" content=\"V\u00e1y l\u1ee5a satin cao c\u1ea5p thi\u1ebft k\u1ebf t\u1ed1i gi\u1ea3n, ch\u1ea5t li\u1ec7u m\u1ec1m m\u1ea1i, t\u00f4n d\u00e1ng, sang tr\u1ecdng, ph\u00f9 h\u1ee3p d\u1ef1 ti\u1ec7c, h\u1eb9n h\u00f2, d\u1ea1o ph\u1ed1 v\u00e0 s\u1ef1 ki\u1ec7n.\" \/>\n<meta name=\"robots\" content=\"noindex, follow, max-snippet:-1, max-image-preview:large, max-video-preview:-1\" \/>\n<meta property=\"og:locale\" content=\"vi_VN\" \/>\n<meta property=\"og:type\" content=\"article\" \/>\n<meta property=\"og:title\" content=\"V\u00e1y L\u1ee5a Satin Cao C\u1ea5p \u2013 Sang Tr\u1ecdng &amp; Quy\u1ebfn R\u0169 - NGANA\" \/>\n<meta property=\"og:description\" content=\"V\u00e1y l\u1ee5a satin cao c\u1ea5p thi\u1ebft k\u1ebf t\u1ed1i gi\u1ea3n, ch\u1ea5t li\u1ec7u m\u1ec1m m\u1ea1i, t\u00f4n d\u00e1ng, sang tr\u1ecdng, ph\u00f9 h\u1ee3p d\u1ef1 ti\u1ec7c, h\u1eb9n h\u00f2, d\u1ea1o ph\u1ed1 v\u00e0 s\u1ef1 ki\u1ec7n.\" \/>\n<meta property=\"og:url\" content=\"https:\/\/nagie.azdigi.shop\/index.php\/san-pham\/vay-cong-chua\/\" \/>\n<meta property=\"og:site_name\" content=\"NGANA\" \/>\n<meta property=\"article:modified_time\" content=\"2026-04-09T11:05:00+00:00\" \/>\n<meta property=\"og:image\" content=\"https:\/\/nagie.azdigi.shop\/wp-content\/uploads\/2026\/03\/DAM-S1.jpg\" \/>\n\t<meta property=\"og:image:width\" content=\"640\" \/>\n\t<meta property=\"og:image:height\" content=\"746\" \/>\n\t<meta property=\"og:image:type\" content=\"image\/jpeg\" \/>\n<meta name=\"twitter:card\" content=\"summary_large_image\" \/>\n<meta name=\"twitter:label1\" content=\"\u01af\u1edbc t\u00ednh th\u1eddi gian \u0111\u1ecdc\" \/>\n\t<meta name=\"twitter:data1\" content=\"2 ph\u00fat\" \/>\n<script type=\"application\/ld+json\" class=\"yoast-schema-graph\">{\"@context\":\"https:\/\/schema.org\",\"@graph\":[{\"@type\":\"WebPage\",\"@id\":\"https:\/\/nagie.azdigi.shop\/index.php\/san-pham\/vay-cong-chua\/\",\"url\":\"https:\/\/nagie.azdigi.shop\/index.php\/san-pham\/vay-cong-chua\/\",\"name\":\"V\u00e1y L\u1ee5a Satin Cao C\u1ea5p \u2013 Sang Tr\u1ecdng & Quy\u1ebfn R\u0169 - NGANA\",\"isPartOf\":{\"@id\":\"https:\/\/nagie.azdigi.shop\/#website\"},\"primaryImageOfPage\":{\"@id\":\"https:\/\/nagie.azdigi.shop\/index.php\/san-pham\/vay-cong-chua\/#primaryimage\"},\"image\":{\"@id\":\"https:\/\/nagie.azdigi.shop\/index.php\/san-pham\/vay-cong-chua\/#primaryimage\"},\"thumbnailUrl\":\"https:\/\/nagie.azdigi.shop\/wp-content\/uploads\/2026\/03\/DAM-S1.jpg\",\"datePublished\":\"2026-03-23T17:04:33+00:00\",\"dateModified\":\"2026-04-09T11:05:00+00:00\",\"description\":\"V\u00e1y l\u1ee5a satin cao c\u1ea5p thi\u1ebft k\u1ebf t\u1ed1i gi\u1ea3n, ch\u1ea5t li\u1ec7u m\u1ec1m m\u1ea1i, t\u00f4n d\u00e1ng, sang tr\u1ecdng, ph\u00f9 h\u1ee3p d\u1ef1 ti\u1ec7c, h\u1eb9n h\u00f2, d\u1ea1o ph\u1ed1 v\u00e0 s\u1ef1 ki\u1ec7n.\",\"breadcrumb\":{\"@id\":\"https:\/\/nagie.azdigi.shop\/index.php\/san-pham\/vay-cong-chua\/#breadcrumb\"},\"inLanguage\":\"vi\",\"potentialAction\":[{\"@type\":\"ReadAction\",\"target\":[\"https:\/\/nagie.azdigi.shop\/index.php\/san-pham\/vay-cong-chua\/\"]}]},{\"@type\":\"ImageObject\",\"inLanguage\":\"vi\",\"@id\":\"https:\/\/nagie.azdigi.shop\/index.php\/san-pham\/vay-cong-chua\/#primaryimage\",\"url\":\"https:\/\/nagie.azdigi.shop\/wp-content\/uploads\/2026\/03\/DAM-S1.jpg\",\"contentUrl\":\"https:\/\/nagie.azdigi.shop\/wp-content\/uploads\/2026\/03\/DAM-S1.jpg\",\"width\":640,\"height\":746},{\"@type\":\"BreadcrumbList\",\"@id\":\"https:\/\/nagie.azdigi.shop\/index.php\/san-pham\/vay-cong-chua\/#breadcrumb\",\"itemListElement\":[{\"@type\":\"ListItem\",\"position\":1,\"name\":\"Trang ch\u1ee7\",\"item\":\"https:\/\/nagie.azdigi.shop\/\"},{\"@type\":\"ListItem\",\"position\":2,\"name\":\"C\u1eeda h\u00e0ng\",\"item\":\"https:\/\/nagie.azdigi.shop\/index.php\/cua-hang\/\"},{\"@type\":\"ListItem\",\"position\":3,\"name\":\"V\u00e1y L\u1ee5a Satin Cao C\u1ea5p \u2013 Sang Tr\u1ecdng &#038; Quy\u1ebfn R\u0169\"}]},{\"@type\":\"WebSite\",\"@id\":\"https:\/\/nagie.azdigi.shop\/#website\",\"url\":\"https:\/\/nagie.azdigi.shop\/\",\"name\":\"NGANA\",\"description\":\"\",\"potentialAction\":[{\"@type\":\"SearchAction\",\"target\":{\"@type\":\"EntryPoint\",\"urlTemplate\":\"https:\/\/nagie.azdigi.shop\/?s={search_term_string}\"},\"query-input\":{\"@type\":\"PropertyValueSpecification\",\"valueRequired\":true,\"valueName\":\"search_term_string\"}}],\"inLanguage\":\"vi\"}]}<\/script>\n<!-- \/ Yoast SEO plugin. -->","yoast_head_json":{"title":"V\u00e1y L\u1ee5a Satin Cao C\u1ea5p \u2013 Sang Tr\u1ecdng & Quy\u1ebfn R\u0169 - NGANA","description":"V\u00e1y l\u1ee5a satin cao c\u1ea5p thi\u1ebft k\u1ebf t\u1ed1i gi\u1ea3n, ch\u1ea5t li\u1ec7u m\u1ec1m m\u1ea1i, t\u00f4n d\u00e1ng, sang tr\u1ecdng, ph\u00f9 h\u1ee3p d\u1ef1 ti\u1ec7c, h\u1eb9n h\u00f2, d\u1ea1o ph\u1ed1 v\u00e0 s\u1ef1 ki\u1ec7n.","robots":{"index":"noindex","follow":"follow","max-snippet":"max-snippet:-1","max-image-preview":"max-image-preview:large","max-video-preview":"max-video-preview:-1"},"og_locale":"vi_VN","og_type":"article","og_title":"V\u00e1y L\u1ee5a Satin Cao C\u1ea5p \u2013 Sang Tr\u1ecdng & Quy\u1ebfn R\u0169 - NGANA","og_description":"V\u00e1y l\u1ee5a satin cao c\u1ea5p thi\u1ebft k\u1ebf t\u1ed1i gi\u1ea3n, ch\u1ea5t li\u1ec7u m\u1ec1m m\u1ea1i, t\u00f4n d\u00e1ng, sang tr\u1ecdng, ph\u00f9 h\u1ee3p d\u1ef1 ti\u1ec7c, h\u1eb9n h\u00f2, d\u1ea1o ph\u1ed1 v\u00e0 s\u1ef1 ki\u1ec7n.","og_url":"https:\/\/nagie.azdigi.shop\/index.php\/san-pham\/vay-cong-chua\/","og_site_name":"NGANA","article_modified_time":"2026-04-09T11:05:00+00:00","og_image":[{"width":640,"height":746,"url":"https:\/\/nagie.azdigi.shop\/wp-content\/uploads\/2026\/03\/DAM-S1.jpg","type":"image\/jpeg"}],"twitter_card":"summary_large_image","twitter_misc":{"\u01af\u1edbc t\u00ednh th\u1eddi gian \u0111\u1ecdc":"2 ph\u00fat"},"schema":{"@context":"https:\/\/schema.org","@graph":[{"@type":"WebPage","@id":"https:\/\/nagie.azdigi.shop\/index.php\/san-pham\/vay-cong-chua\/","url":"https:\/\/nagie.azdigi.shop\/index.php\/san-pham\/vay-cong-chua\/","name":"V\u00e1y L\u1ee5a Satin Cao C\u1ea5p \u2013 Sang Tr\u1ecdng & Quy\u1ebfn R\u0169 - NGANA","isPartOf":{"@id":"https:\/\/nagie.azdigi.shop\/#website"},"primaryImageOfPage":{"@id":"https:\/\/nagie.azdigi.shop\/index.php\/san-pham\/vay-cong-chua\/#primaryimage"},"image":{"@id":"https:\/\/nagie.azdigi.shop\/index.php\/san-pham\/vay-cong-chua\/#primaryimage"},"thumbnailUrl":"https:\/\/nagie.azdigi.shop\/wp-content\/uploads\/2026\/03\/DAM-S1.jpg","datePublished":"2026-03-23T17:04:33+00:00","dateModified":"2026-04-09T11:05:00+00:00","description":"V\u00e1y l\u1ee5a satin cao c\u1ea5p thi\u1ebft k\u1ebf t\u1ed1i gi\u1ea3n, ch\u1ea5t li\u1ec7u m\u1ec1m m\u1ea1i, t\u00f4n d\u00e1ng, sang tr\u1ecdng, ph\u00f9 h\u1ee3p d\u1ef1 ti\u1ec7c, h\u1eb9n h\u00f2, d\u1ea1o ph\u1ed1 v\u00e0 s\u1ef1 ki\u1ec7n.","breadcrumb":{"@id":"https:\/\/nagie.azdigi.shop\/index.php\/san-pham\/vay-cong-chua\/#breadcrumb"},"inLanguage":"vi","potentialAction":[{"@type":"ReadAction","target":["https:\/\/nagie.azdigi.shop\/index.php\/san-pham\/vay-cong-chua\/"]}]},{"@type":"ImageObject","inLanguage":"vi","@id":"https:\/\/nagie.azdigi.shop\/index.php\/san-pham\/vay-cong-chua\/#primaryimage","url":"https:\/\/nagie.azdigi.shop\/wp-content\/uploads\/2026\/03\/DAM-S1.jpg","contentUrl":"https:\/\/nagie.azdigi.shop\/wp-content\/uploads\/2026\/03\/DAM-S1.jpg","width":640,"height":746},{"@type":"BreadcrumbList","@id":"https:\/\/nagie.azdigi.shop\/index.php\/san-pham\/vay-cong-chua\/#breadcrumb","itemListElement":[{"@type":"ListItem","position":1,"name":"Trang ch\u1ee7","item":"https:\/\/nagie.azdigi.shop\/"},{"@type":"ListItem","position":2,"name":"C\u1eeda h\u00e0ng","item":"https:\/\/nagie.azdigi.shop\/index.php\/cua-hang\/"},{"@type":"ListItem","position":3,"name":"V\u00e1y L\u1ee5a Satin Cao C\u1ea5p \u2013 Sang Tr\u1ecdng &#038; Quy\u1ebfn R\u0169"}]},{"@type":"WebSite","@id":"https:\/\/nagie.azdigi.shop\/#website","url":"https:\/\/nagie.azdigi.shop\/","name":"NGANA","description":"","potentialAction":[{"@type":"SearchAction","target":{"@type":"EntryPoint","urlTemplate":"https:\/\/nagie.azdigi.shop\/?s={search_term_string}"},"query-input":{"@type":"PropertyValueSpecification","valueRequired":true,"valueName":"search_term_string"}}],"inLanguage":"vi"}]}},"_links":{"self":[{"href":"https:\/\/nagie.azdigi.shop\/index.php\/wp-json\/wp\/v2\/product\/498","targetHints":{"allow":["GET"]}}],"collection":[{"href":"https:\/\/nagie.azdigi.shop\/index.php\/wp-json\/wp\/v2\/product"}],"about":[{"href":"https:\/\/nagie.azdigi.shop\/index.php\/wp-json\/wp\/v2\/types\/product"}],"replies":[{"embeddable":true,"href":"https:\/\/nagie.azdigi.shop\/index.php\/wp-json\/wp\/v2\/comments?post=498"}],"wp:featuredmedia":[{"embeddable":true,"href":"https:\/\/nagie.azdigi.shop\/index.php\/wp-json\/wp\/v2\/media\/496"}],"wp:attachment":[{"href":"https:\/\/nagie.azdigi.shop\/index.php\/wp-json\/wp\/v2\/media?parent=498"}],"wp:term":[{"taxonomy":"product_brand","embeddable":true,"href":"https:\/\/nagie.azdigi.shop\/index.php\/wp-json\/wp\/v2\/product_brand?post=498"},{"taxonomy":"product_cat","embeddable":true,"href":"https:\/\/nagie.azdigi.shop\/index.php\/wp-json\/wp\/v2\/product_cat?post=498"},{"taxonomy":"product_tag","embeddable":true,"href":"https:\/\/nagie.azdigi.shop\/index.php\/wp-json\/wp\/v2\/product_tag?post=498"}],"curies":[{"name":"wp","href":"https:\/\/api.w.org\/{rel}","templated":true}]}}